{"id":99,"date":"2021-07-11T10:20:52","date_gmt":"2021-07-11T08:20:52","guid":{"rendered":"http:\/\/aubienetredeschiens.fr\/?page_id=99"},"modified":"2023-02-26T13:12:52","modified_gmt":"2023-02-26T12:12:52","slug":"contact","status":"publish","type":"page","link":"https:\/\/aubienetredeschiens.fr\/index.php\/contact\/","title":{"rendered":"Contact"},"content":{"rendered":"<div data-colibri-id=\"99-c1\" class=\"style-1100 style-local-99-c1 position-relative\">\n  <!---->\n  <div data-colibri-component=\"section\" data-colibri-id=\"99-c2\" id=\"contact\" class=\"h-section h-section-global-spacing d-flex align-items-lg-center align-items-md-center align-items-center style-7830 style-local-99-c2 position-relative\">\n    <div class=\"background-wrapper\">\n      <div class=\"background-layer background-layer-media-container-lg\">\n        <!---->\n        <div class=\"overlay-layer\">\n          <div class=\"overlay-image-layer\" style=\"background-image: linear-gradient(90deg, rgb(255, 255, 255) 40%, rgba(69, 58, 148, 0) 40%);\"><\/div>\n        <\/div>\n      <\/div>\n      <div class=\"background-layer background-layer-media-container-md\">\n        <!---->\n        <div class=\"overlay-layer\">\n          <div class=\"overlay-image-layer\" style=\"background-image: linear-gradient(90deg, rgb(255, 255, 255) 40%, rgba(69, 58, 148, 0) 40%);\"><\/div>\n        <\/div>\n      <\/div>\n      <div class=\"background-layer background-layer-media-container\">\n        <!---->\n        <div class=\"overlay-layer\">\n          <div class=\"overlay-image-layer\" style=\"background-image: linear-gradient(90deg, rgb(255, 255, 255) 40%, rgba(69, 58, 148, 0) 40%);\"><\/div>\n        <\/div>\n      <\/div>\n    <\/div>\n    <!---->\n    <div class=\"h-section-grid-container h-section-boxed-container\">\n      <!---->\n      <div data-colibri-id=\"99-c3\" class=\"h-row-container gutters-row-lg-0 gutters-row-md-0 gutters-row-2 gutters-row-v-lg-0 gutters-row-v-md-0 gutters-row-v-0 style-7831 style-local-99-c3 position-relative\">\n        <!---->\n        <div class=\"h-row justify-content-lg-start justify-content-md-start justify-content-start align-items-lg-stretch align-items-md-stretch align-items-stretch gutters-col-lg-0 gutters-col-md-0 gutters-col-2 gutters-col-v-lg-0 gutters-col-v-md-0 gutters-col-v-0\">\n          <!---->\n          <div class=\"h-column h-column-container d-flex h-col-lg-auto h-col-md-auto h-col-auto style-7832-outer style-local-99-c4-outer\">\n            <div data-colibri-id=\"99-c4\" class=\"d-flex h-flex-basis h-column__inner h-px-lg-3 h-px-md-3 h-px-3 v-inner-lg-3 v-inner-md-3 v-inner-3 style-7832 style-local-99-c4 position-relative\">\n              <!---->\n              <!---->\n              <div class=\"w-100 h-y-container h-column__content h-column__v-align flex-basis-100 align-self-lg-center align-self-md-center align-self-center\">\n                <!---->\n                <div data-colibri-id=\"99-c5\" class=\"h-global-transition-all h-heading style-7834 style-local-99-c5 position-relative h-element\">\n                  <!---->\n                  <div class=\"h-heading__outer style-7834 style-local-99-c5\">\n                    <!---->\n                    <!---->\n                    <h2 class=\"\">CONTACT<\/h2>\n                  <\/div>\n                <\/div>\n                <div data-colibri-id=\"99-c6\" class=\"h-text h-text-component style-7837 style-local-99-c6 position-relative h-element\">\n                  <!---->\n                  <!---->\n                  <div class=\"\">\n                    <p><span style=\"color: rgb(102, 102, 102); font-family: Lato; font-size: 16px;\">Si vous souhaitez plus d\u2019informations sur l\u2019une des activit\u00e9s, que vous souhaitez r\u00e9server ou passer commande, n\u2019h\u00e9sitez pas \u00e0 me contacter par e-mail ou par t\u00e9l\u00e9phone (pensez \u00e0 laisser un message).<\/span><\/p>\n                  <\/div>\n                <\/div>\n                <div data-colibri-id=\"99-c7\" class=\"h-x-container style-7838 style-local-99-c7 position-relative h-element\">\n                  <!---->\n                  <div class=\"h-x-container-inner style-dynamic-99-c7-group style-7838-spacing style-local-99-c7-spacing\"><span class=\"h-button__outer style-7839-outer style-local-99-c8-outer d-inline-flex h-element\"><a h-use-smooth-scroll=\"true\" href=\"mailto:contact@aubienetredeschiens.fr\"  data-colibri-id=\"99-c8\" class=\"d-flex w-100 align-items-center h-button justify-content-lg-center justify-content-md-center justify-content-center style-7839 style-local-99-c8 position-relative\"><!----><!----> <span>e-mail<\/span><\/a>\n                    <\/span>\n                  <\/div>\n                <\/div>\n              <\/div>\n            <\/div>\n          <\/div>\n        <\/div>\n      <\/div>\n    <\/div>\n  <\/div>\n<\/div>","protected":false},"excerpt":{"rendered":"<p>CONTACT Si vous souhaitez plus d\u2019informations sur l\u2019une des activit\u00e9s, que vous souhaitez r\u00e9server ou passer commande, n\u2019h\u00e9sitez pas \u00e0 me contacter par e-mail ou par t\u00e9l\u00e9phone (pensez \u00e0 laisser un message). e-mail<\/p>\n","protected":false},"author":1,"featured_media":0,"parent":0,"menu_order":0,"comment_status":"closed","ping_status":"closed","template":"page-templates\/full-width-page.php","meta":{"footnotes":""},"class_list":["post-99","page","type-page","status-publish","hentry"],"_links":{"self":[{"href":"https:\/\/aubienetredeschiens.fr\/index.php\/wp-json\/wp\/v2\/pages\/99","targetHints":{"allow":["GET"]}}],"collection":[{"href":"https:\/\/aubienetredeschiens.fr\/index.php\/wp-json\/wp\/v2\/pages"}],"about":[{"href":"https:\/\/aubienetredeschiens.fr\/index.php\/wp-json\/wp\/v2\/types\/page"}],"author":[{"embeddable":true,"href":"https:\/\/aubienetredeschiens.fr\/index.php\/wp-json\/wp\/v2\/users\/1"}],"replies":[{"embeddable":true,"href":"https:\/\/aubienetredeschiens.fr\/index.php\/wp-json\/wp\/v2\/comments?post=99"}],"version-history":[{"count":20,"href":"https:\/\/aubienetredeschiens.fr\/index.php\/wp-json\/wp\/v2\/pages\/99\/revisions"}],"predecessor-version":[{"id":13724,"href":"https:\/\/aubienetredeschiens.fr\/index.php\/wp-json\/wp\/v2\/pages\/99\/revisions\/13724"}],"wp:attachment":[{"href":"https:\/\/aubienetredeschiens.fr\/index.php\/wp-json\/wp\/v2\/media?parent=99"}],"curies":[{"name":"wp","href":"https:\/\/api.w.org\/{rel}","templated":true}]}}